 + 410, -3*k = k + 5*d - 326. What is the tens digit of k?
8
Suppose 3*f + 2*d - 3 + 9 = 0, f = 5*d - 2. Let g be f/6 + 1/3. Suppose -n + 84 + g = 5*t, -n = -t + 12. What is the tens digit of t?
1
Let i be (-12)/(-30) - (-164)/(-10). What is the units digit of 4/i - 29/(-4)?
7
Let a(q) = q - 2. Let r be a(6). Suppose 2*i - 12 = r. What is the units digit of i?
8
Let v = -23 - -53. Suppose 0 = -5*u - 3*l + v, -u - 4*l - 3 = 8. What is the units digit of u?
9
Let i = -41 + 52. What is the units digit of i?
1
Suppose -2*h - 5 = -h. What is the tens digit of h/10 - (-46)/4?
1
Suppose -7 = -j - g + 4*g, 5*j = 5*g + 25. Suppose -2*v + 4*v = -j. What is the units digit of (-3)/(v*(-3)/(-18))?
9
Suppose -8*b + 4*b = 4. Let h be (b/(-2))/(4/56). Let z = 14 - h. What is the units digit of z?
7
Let r = 9 - 8. What is the tens digit of 2/(r/57*6)?
1
Suppose 4 + 0 = 4*q. Suppose -7 - q = 4*d. What is the units digit of (30/(1 - d))/2?
5
Let g be (-5)/2*36/(-10). What is the tens digit of (-29)/g*-3*3?
2
What is the tens digit of 4 + -2 - ((-230)/(-2))/(-5)?
2
Let g(c) = c**3 + 5*c**2 - 2*c - 7. Let h be g(-5). Suppose h*i - 55 = -5*a, a - 60 = -4*a - 4*i. What is the units digit of a?
8
Suppose -u + 5*u - 34 = -5*a, 5*a + 5*u - 35 = 0. Suppose o - a*o + 60 = 0. What is the tens digit of o?
1
Let d(s) = s + 10. Let k be d(-3). Suppose 2*n - 52 = -z, 0 = -3*z + 5 + k. What is the units digit of n?
4
Suppose -4*b + 285 = -3*p, 4*b - 93 = 4*p + 195. What is the units digit of b?
9
Let p = -115 + 332. What is the hundreds digit of p?
2
Let m(t) = t**2 - 3*t - 7. Suppose -3*k = 2*k - 35. What is the tens digit of m(k)?
2
Let n(m) = 20 - 7*m - 9 + 8*m. Let r be n(-8). Suppose -3*d - 3*w = -9, 10 = 4*d + 5*w - r. What is the units digit of d?
2
Suppose 5*b + 76 = 2*d, 2*d - 4*b - 59 = 21. What is the units digit of d?
8
What is the tens digit of 20471/99 + (2/(-9))/(-1)?
0
Let h(v) = v**2 + 2*v - 2. What is the units digit of h(3)?
3
Suppose 5*j + 3*o = 16, -5*j + 4*o = -4 + 2. Suppose -j*v = -v - 6. What is the units digit of v?
6
Let g = 16 + 9. Suppose 2*q + 3*q - g = 0. What is the units digit of q?
5
Let w = 0 - -4. Suppose -w*c + 43 = -5. What is the units digit of c?
2
Suppose 4*l + 3*y = -2 + 69, -4*l + 66 = 2*y. What is the tens digit of l?
1
Suppose 230 = 6*y - y. What is the tens digit of y?
4
Suppose 2*w + 0*w - 74 = 0. What is the tens digit of w?
3
Suppose 0 = 2*a - 0*a + 4*r + 6, 18 = 2*a - 4*r. Suppose -2 = a*m - 8. Suppose -g = -5*o + 8, 2*g = -4*o - m - 0. What is the units digit of o?
1
Suppose 2*y + 103 = 331. What is the units digit of y?
4
Suppose 0 = 2*t - 8 - 0. Let d = 5 - t. What is the units digit of d?
1
Let x(r) = r**3 - 11*r**2 + 6*r + 24. What is the units digit of x(11)?
0
Let o = -113 + 160. What is the tens digit of o?
4
Let s = -2 - -22. What is the units digit of s?
0
Let o(i) = -4*i - 4. Let b = 8 - 11. Let j be o(b). Suppose -2*s = -0*s - j. What is the units digit of s?
4
Let t = 7 + -5. Suppose q + k - 38 = -t*k, 2*q - 75 = -5*k. What is the units digit of q?
5
Suppose -215 = -5*n - 4*o, 0*o - 2*o - 245 = -5*n. What is the tens digit of n?
4
Suppose 3*r + 3 = 9. What is the units digit of (-13 - r)*(-3)/9?
5
Suppose -17 - 3 = -5*m, 5*k - 273 = 3*m. What is the tens digit of k?
5
Let p(b) be the third derivative of -b**6/360 - b**5/12 - b**4/6 + b**3/3 + b**2. Let v(f) be the first derivative of p(f). What is the units digit of v(-6)?
0
Let s(a) = -7*a - 7. Let c(g) = 10*g + 10. Let q(p) = -5*c(p) - 7*s(p). Let x be q(-3). Let d = 19 - x. What is the units digit of d?
7
Let o = 8 + -6. Let a = 4 - o. What is the units digit of 6 + 0/a + -2?
4
Let h(s) be the first derivative of 2*s**3/3 + 2*s**2 - 3*s + 7. What is the tens digit of h(-5)?
2
Let k(w) = -7*w + 1. What is the tens digit of k(-4)?
2
Let d(s) = 7*s**2 - 5*s + 2. Let t be d(2). What is the units digit of (-2 + 0)*(-70)/t?
7
Let h(d) = 15*d**2 + 2*d - 1. Let q = 8 + -7. What is the tens digit of h(q)?
1
Let a(d) = 2*d**2 - 6*d + 1. Let p(h) = h**3 - 2*h**2 + 2*h - 1. Let l be p(2). Suppose l*t - b + 7 = 5*t, -5*t - 2*b = -18. What is the units digit of a(t)?
9
Let f = 13 + -24. Let g = -7 - f. Let d = 5 - g. What is the units digit of d?
1
Suppose -4*y + 707 = -17. What is the tens digit of y?
8
Suppose 3*w + 53 = -2*l, -5*l = -2*w - 19 - 10. Let u = w + 28. What is the tens digit of u?
1
Let j = -7 - -12. Suppose t + r = -2*t, 0 = 4*t - j*r - 19. What is the units digit of t?
1
Let r(y) = -y**2 - 6*y. Suppose -38 = -0*m + 3*m + 5*v, -2*v - 20 = 2*m. Let i be r(m). Suppose i*h = 4*h - 64. What is the units digit of h?
6
Let f(w) = 54*w + 3. Let n be f(-2). Let m = 162 + n. Suppose u + 2*u = m. What is the units digit of u?
9
Let z be 68/6 + (-4)/(-6). Suppose 3 = -m - 3. Let c = z + m. What is the units digit of c?
6
Let k = -53 + 76. What is the tens digit of k?
2
Suppose 2*z = h - 6, -4*h - 9 + 46 = 5*z. Let a be 3*(3 + h/(-6)). Suppose f - a*m = 21, -2*f + 4*m = m - 35. What is the tens digit of f?
1
Let c = 2 + -2. Suppose -4*j + 9 = -j. Suppose -2*y + j*p + 10 = c, y - 2 = -4*y - 4*p. What is the units digit of y?
2
Let z = -1 + 4. Suppose r = -z*r. Suppose -4*w = -r*w - 24. What is the units digit of w?
6
Let c be (46/8)/(2/24). Let q = 117 - c. Suppose -5*a = 4*y - 0*y - q, -3*y = -6. What is the units digit of a?
8
Let m = 14 - 0. Let q = -7 + 17. Suppose 2*j - q = m. What is the units digit of j?
2
Let t = -8 + 19. Suppose 4*y = 2*o - 56, -o - 2*y + 5 = -t. What is the units digit of o?
2
What is the units digit of -4*47*3/(-12)?
7
Let y(o) = -o**2 - 2*o + 26. Let a(d) = -d**3 - 6*d**2 + 7*d. Let i be a(-7). What is the units digit of y(i)?
6
Suppose -44 - 66 = 5*p + 2*z, 0 = -p - z - 25. Let f = -8 - p. What is the units digit of f?
2
Let k(h) = 3*h + 1. Let d(n) = 3*n + 1. Let y(j) = -2*d(j) + 3*k(j). What is the tens digit of y(7)?
2
Let b be 2/4 - (-6)/4. Suppose 2*r = -4*i + 4, -r - 2 = -3*i - 3*r. Suppose -17 = -2*h - s, 2*s - 8 = -b*h - i*s. What is the tens digit of h?
1
Let d = 1 + 1. Suppose -10 = -0*i - d*i. Suppose -i*k + 0*k + 5*n = -35, 40 = 4*k + 2*n. What is the units digit of k?
9
Let l(p) = -p - 1. Let a(i) = i**2 + 6*i - 1. Let x(r) = -a(r) + l(r). What is the units digit of x(-5)?
0
Let s(j) = j. Let x be s(-3). What is the units digit of 4 + -3*1/x?
5
Let t = -14 + 7. Let m(w) = w**3 + 6*w**2 - 8*w + 5. What is the units digit of m(t)?
2
Let f be (3/(-4))/((-1)/4). Suppose f*v - 11 = -5. Suppose 2*c - r - 18 = 0, v*r = -4*c + 15 + 5. What is the units digit of c?
7
Let t = -757 - -1155. What is the tens digit of t?
9
Suppose 16*d = 1052 + 1092. What is the hundreds digit of d?
1
Let t = -3 - 6. Let i = -18 + t. What is the units digit of (-6)/i + (-176)/(-18)?
0
Let p(r) = 2*r**3 + 39*r**2 - 21*r + 3. What is the tens digit of p(-20)?
2
Suppose -2*c + 3*j - 7 = 0, 0 = -4*c + j - 1 + 2. Let g = c + 12. What is the units digit of g?
3
Let w(q) be the third derivative of -q**6/360 - q**5/120 + q**4/6 + q**3/3 + 2*q**2. Let h(x) be the first derivative of w(x). What is the units digit of h(0)?
4
Let x(n) = 3*n**2 - n - 4. Let p be x(3). What is the units digit of p/(-3)*(-12)/8?
0
Suppose -3 = 3*x, 4*u + 2*x - 6*x - 20 = 0. Suppose 0 = g - 4*g - 3*d + 9, 15 = 5*g - 3*d. Let o = u - g. What is the units digit of o?
1
Let r(l) = l + 4. Let d be -2*2/((-8)/(-10)). Let m be r(d). Let a(j) = -15*j + 1. What is the units digit of a(m)?
6
Let b = 170 + 65. What is the units digit of b?
5
Suppose -2*p - 20 = s - 5*s, 0 = -4*p + s - 5. Suppose 0 = -5*h - 4*w + 50, 3*h + p*w + 5*w = 43. What is the units digit of h?
6
Let r(a) = a**3 + 3*a**2 - 2. Let c(n) = -n - 7. Let y be c(-5). Let o be r(y). Let d = o - -1. What is the units digit of d?
3
Suppose -4*w = 5*f - 123, 4*w = f + 2*f + 131. What is the units digit of w?
2
Let y = 9 + -5. Suppose 4*g + 5*t = 42, -6 = -y*t + t. What is the units digit of g?
8
Suppose 6*x = x + 480. What is the tens digit of x?
9
Let s(p) = p**3 + p + 6. Let h be s(0). Suppose -2*k = -0*k + h. Let j = 5 + k. What is the units digit of j?
2
Let n(r) = -2*r + 4. Let x be n(-4). Suppose -3*d = -x, -2*d - 2*d = 3*l - 154. What is the tens digit of l?
4
Let v = -12 + 33. What is the units digit of v?
1
Suppose 5*m = 2*m 